{"id":67,"date":"2023-01-16T16:06:23","date_gmt":"2023-01-16T15:06:23","guid":{"rendered":"https:\/\/www.distilleriepaul.com\/wordpress\/?page_id=67"},"modified":"2026-01-06T14:22:16","modified_gmt":"2026-01-06T13:22:16","slug":"67-2","status":"publish","type":"page","link":"https:\/\/www.distilleriepaul.com\/wordpress\/","title":{"rendered":"Accueil"},"content":{"rendered":"\n<style type=\"text\/css\" data-created_by=\"avia_inline_auto\" id=\"style-css-av-lcyxv9o6-a0a5e9aebf8086cb46803618383e72d9\">\n#top .av_textblock_section.av-lcyxv9o6-a0a5e9aebf8086cb46803618383e72d9 .avia_textblock{\ntext-align:left;\n}\n<\/style>\n<section  class='av_textblock_section av-lcyxv9o6-a0a5e9aebf8086cb46803618383e72d9'  itemscope=\"itemscope\" itemtype=\"https:\/\/schema.org\/CreativeWork\" ><div class='avia_textblock'  itemprop=\"text\" ><p data-start=\"107\" data-end=\"197\"><strong data-start=\"107\" data-end=\"195\">Bienvenue sur le site de la Distillerie Familiale PAUL, situ\u00e9e \u00e0 Woippy, en Moselle.<\/strong><\/p>\n<p data-start=\"204\" data-end=\"479\">Depuis 1947, notre distillerie familiale perp\u00e9tue un savoir-faire artisanal d\u2019exception, transmis de g\u00e9n\u00e9ration en g\u00e9n\u00e9ration. \u00c0 travers ce site, nous souhaitons partager notre passion et mettre en lumi\u00e8re la qualit\u00e9 de nos eaux-de-vie aupr\u00e8s de nos clients et partenaires.<\/p>\n<p data-start=\"486\" data-end=\"627\">Chaque produit est soigneusement r\u00e9colt\u00e9, distill\u00e9 et embouteill\u00e9 \u00e0 la main en France, dans le respect des traditions et de l\u2019authenticit\u00e9.<\/p>\n<p data-start=\"634\" data-end=\"815\">Entrez dans l\u2019univers de la Distillerie PAUL et d\u00e9couvrez les \u00e9tapes de fabrication de nos produits 100 % fran\u00e7ais, reflets de notre exigence et de notre engagement pour la qualit\u00e9.<\/p>\n<p><img loading=\"lazy\" decoding=\"async\" class=\"wp-image-97 alignnone\" src=\"https:\/\/www.distilleriepaul.com\/wordpress\/wp-content\/uploads\/2023\/01\/IMG_20221008_131124813_HDR-464x1030.jpg\" alt=\"\" width=\"516\" height=\"1145\" srcset=\"https:\/\/www.distilleriepaul.com\/wordpress\/wp-content\/uploads\/2023\/01\/IMG_20221008_131124813_HDR-464x1030.jpg 464w, https:\/\/www.distilleriepaul.com\/wordpress\/wp-content\/uploads\/2023\/01\/IMG_20221008_131124813_HDR-135x300.jpg 135w, https:\/\/www.distilleriepaul.com\/wordpress\/wp-content\/uploads\/2023\/01\/IMG_20221008_131124813_HDR-922x2048.jpg 922w\" sizes=\"auto, (max-width: 516px) 100vw, 516px\" \/><\/p>\n<\/div><\/section>\n","protected":false},"excerpt":{"rendered":"","protected":false},"author":1,"featured_media":0,"parent":0,"menu_order":0,"comment_status":"closed","ping_status":"closed","template":"","meta":{"footnotes":""},"class_list":["post-67","page","type-page","status-publish","hentry"],"_links":{"self":[{"href":"https:\/\/www.distilleriepaul.com\/wordpress\/index.php?rest_route=\/wp\/v2\/pages\/67","targetHints":{"allow":["GET"]}}],"collection":[{"href":"https:\/\/www.distilleriepaul.com\/wordpress\/index.php?rest_route=\/wp\/v2\/pages"}],"about":[{"href":"https:\/\/www.distilleriepaul.com\/wordpress\/index.php?rest_route=\/wp\/v2\/types\/page"}],"author":[{"embeddable":true,"href":"https:\/\/www.distilleriepaul.com\/wordpress\/index.php?rest_route=\/wp\/v2\/users\/1"}],"replies":[{"embeddable":true,"href":"https:\/\/www.distilleriepaul.com\/wordpress\/index.php?rest_route=%2Fwp%2Fv2%2Fcomments&post=67"}],"version-history":[{"count":13,"href":"https:\/\/www.distilleriepaul.com\/wordpress\/index.php?rest_route=\/wp\/v2\/pages\/67\/revisions"}],"predecessor-version":[{"id":224,"href":"https:\/\/www.distilleriepaul.com\/wordpress\/index.php?rest_route=\/wp\/v2\/pages\/67\/revisions\/224"}],"wp:attachment":[{"href":"https:\/\/www.distilleriepaul.com\/wordpress\/index.php?rest_route=%2Fwp%2Fv2%2Fmedia&parent=67"}],"curies":[{"name":"wp","href":"https:\/\/api.w.org\/{rel}","templated":true}]}}